[INFO] cloning repository https://github.com/bananathepirate/PirateCode
[INFO] running `Command { std: "git" "-c" "credential.helper=" "-c" "credential.helper=/workspace/cargo-home/bin/git-credential-null" "clone" "--bare" "https://github.com/bananathepirate/PirateCode" "/workspace/cache/git-repos/https%3A%2F%2Fgithub.com%2Fbananathepirate%2FPirateCode", kill_on_drop: false }`
[INFO] [stderr] Cloning into bare repository '/workspace/cache/git-repos/https%3A%2F%2Fgithub.com%2Fbananathepirate%2FPirateCode'...
[INFO] running `Command { std: "git" "rev-parse" "HEAD", kill_on_drop: false }`
[INFO] [stdout] 808b6dfffbd0562f47c892ff78eca0cc06813c2d
[INFO] checking bananathepirate/PirateCode against master#9610dfe5a9a731ced1ea4923ecbd0c57fe367898 for beta-170-4
[INFO] running `Command { std: "git" "clone" "/workspace/cache/git-repos/https%3A%2F%2Fgithub.com%2Fbananathepirate%2FPirateCode" "/workspace/builds/worker-6-tc1/source", kill_on_drop: false }`
[INFO] [stderr] Cloning into '/workspace/builds/worker-6-tc1/source'...
[INFO] [stderr] done.
[INFO] validating manifest of git repo https://github.com/bananathepirate/PirateCode on toolchain 9610dfe5a9a731ced1ea4923ecbd0c57fe367898
[INFO] running `Command { std: CARGO_HOME="/workspace/cargo-home" RUSTUP_HOME="/workspace/rustup-home" "/workspace/cargo-home/bin/cargo" "+9610dfe5a9a731ced1ea4923ecbd0c57fe367898" "metadata" "--manifest-path" "Cargo.toml" "--no-deps", kill_on_drop: false }`
[INFO] started tweaking git repo https://github.com/bananathepirate/PirateCode
[INFO] finished tweaking git repo https://github.com/bananathepirate/PirateCode
[INFO] tweaked toml for git repo https://github.com/bananathepirate/PirateCode written to /workspace/builds/worker-6-tc1/source/Cargo.toml
[INFO] crate git repo https://github.com/bananathepirate/PirateCode already has a lockfile, it will not be regenerated
[INFO] running `Command { std: CARGO_HOME="/workspace/cargo-home" RUSTUP_HOME="/workspace/rustup-home" "/workspace/cargo-home/bin/cargo" "+9610dfe5a9a731ced1ea4923ecbd0c57fe367898" "fetch" "--manifest-path" "Cargo.toml", kill_on_drop: false }`
[INFO] running `Command { std: "docker" "create" "-v" "/var/lib/crater-agent-workspace/builds/worker-6-tc1/target:/opt/rustwide/target:rw,Z" "-v" "/var/lib/crater-agent-workspace/builds/worker-6-tc1/source:/opt/rustwide/workdir:ro,Z" "-v" "/var/lib/crater-agent-workspace/cargo-home:/opt/rustwide/cargo-home:ro,Z" "-v" "/var/lib/crater-agent-workspace/rustup-home:/opt/rustwide/rustup-home:ro,Z" "-e" "SOURCE_DIR=/opt/rustwide/workdir" "-e" "CARGO_TARGET_DIR=/opt/rustwide/target" "-e" "CARGO_HOME=/opt/rustwide/cargo-home" "-e" "RUSTUP_HOME=/opt/rustwide/rustup-home" "-w" "/opt/rustwide/workdir" "-m" "1610612736" "--user" "0:0" "--network" "none" "ghcr.io/rust-lang/crates-build-env/linux@sha256:19e73879b68f455e41552ea35293514db52ea292d993f571636dbffedb77a1ee" "/opt/rustwide/cargo-home/bin/cargo" "+9610dfe5a9a731ced1ea4923ecbd0c57fe367898" "metadata" "--no-deps" "--format-version=1", kill_on_drop: false }`
[INFO] [stdout] 4b5b0401f09bd87056fb7e2a6c5fe3473cc97994cc5564de494c99123826af60
[INFO] running `Command { std: "docker" "start" "-a" "4b5b0401f09bd87056fb7e2a6c5fe3473cc97994cc5564de494c99123826af60", kill_on_drop: false }`
[INFO] running `Command { std: "docker" "inspect" "4b5b0401f09bd87056fb7e2a6c5fe3473cc97994cc5564de494c99123826af60", kill_on_drop: false }`
[INFO] running `Command { std: "docker" "rm" "-f" "4b5b0401f09bd87056fb7e2a6c5fe3473cc97994cc5564de494c99123826af60", kill_on_drop: false }`
[INFO] [stdout] 4b5b0401f09bd87056fb7e2a6c5fe3473cc97994cc5564de494c99123826af60
[INFO] running `Command { std: "docker" "create" "-v" "/var/lib/crater-agent-workspace/builds/worker-6-tc1/target:/opt/rustwide/target:rw,Z" "-v" "/var/lib/crater-agent-workspace/builds/worker-6-tc1/source:/opt/rustwide/workdir:ro,Z" "-v" "/var/lib/crater-agent-workspace/cargo-home:/opt/rustwide/cargo-home:ro,Z" "-v" "/var/lib/crater-agent-workspace/rustup-home:/opt/rustwide/rustup-home:ro,Z" "-e" "SOURCE_DIR=/opt/rustwide/workdir" "-e" "CARGO_TARGET_DIR=/opt/rustwide/target" "-e" "CARGO_INCREMENTAL=0" "-e" "RUST_BACKTRACE=full" "-e" "RUSTFLAGS=--cap-lints=forbid" "-e" "RUSTDOCFLAGS=--cap-lints=forbid" "-e" "CARGO_HOME=/opt/rustwide/cargo-home" "-e" "RUSTUP_HOME=/opt/rustwide/rustup-home" "-w" "/opt/rustwide/workdir" "-m" "1610612736" "--user" "0:0" "--network" "none" "ghcr.io/rust-lang/crates-build-env/linux@sha256:19e73879b68f455e41552ea35293514db52ea292d993f571636dbffedb77a1ee" "/opt/rustwide/cargo-home/bin/cargo" "+9610dfe5a9a731ced1ea4923ecbd0c57fe367898" "check" "--frozen" "--all" "--all-targets" "--message-format=json", kill_on_drop: false }`
[INFO] [stdout] 3026e66042e8140f92bbaf50d4b9c9ede91fc4f736cdfaa0430eb431c5b2b7e3
[INFO] running `Command { std: "docker" "start" "-a" "3026e66042e8140f92bbaf50d4b9c9ede91fc4f736cdfaa0430eb431c5b2b7e3", kill_on_drop: false }`
[INFO] [stderr]    Compiling proc-macro2 v1.0.40
[INFO] [stderr]    Compiling unicode-ident v1.0.1
[INFO] [stderr]    Compiling quote v1.0.20
[INFO] [stderr]    Compiling wasm-bindgen-shared v0.2.81
[INFO] [stderr]    Compiling syn v1.0.98
[INFO] [stderr]    Compiling log v0.4.17
[INFO] [stderr]    Compiling cfg-if v1.0.0
[INFO] [stderr]    Compiling bumpalo v3.10.0
[INFO] [stderr]    Compiling lazy_static v1.4.0
[INFO] [stderr]    Compiling wasm-bindgen v0.2.81
[INFO] [stderr]    Compiling pirate_code v0.1.0 (/opt/rustwide/workdir)
[INFO] [stderr]    Compiling wasm-bindgen-backend v0.2.81
[INFO] [stderr]    Compiling wasm-bindgen-macro-support v0.2.81
[INFO] [stderr]    Compiling wasm-bindgen-macro v0.2.81
[INFO] [stdout] error[E0432]: unresolved import `pirate_lib`
[INFO] [stdout]  --> src/bin.rs:1:5
[INFO] [stdout]   |
[INFO] [stdout] 1 | use pirate_lib::*;
[INFO] [stdout]   |     ^^^^^^^^^^ use of undeclared crate or module `pirate_lib`
[INFO] [stdout] 
[INFO] [stdout] 
[INFO] [stdout] error[E0432]: unresolved import `pirate_lib`
[INFO] [stdout]  --> src/bin.rs:1:5
[INFO] [stdout]   |
[INFO] [stdout] 1 | use pirate_lib::*;
[INFO] [stdout]   |     ^^^^^^^^^^ use of undeclared crate or module `pirate_lib`
[INFO] [stdout] 
[INFO] [stdout] 
[INFO] [stdout] error[E0425]: cannot find function `pirate_translate` in this scope
[INFO] [stdout]  --> src/bin.rs:4:10
[INFO] [stdout]   |
[INFO] [stdout] 4 |     let b = pirate_translate(&"Gold".to_string());
[INFO] [stdout]   |             ^^^^^^^^^^^^^^^^ not found in this scope
[INFO] [stdout] 
[INFO] [stdout] 
[INFO] [stdout] error[E0425]: cannot find function `pirate_translate` in this scope
[INFO] [stdout]  --> src/bin.rs:5:24
[INFO] [stdout]   |
[INFO] [stdout] 5 |     println!("{} {}", &b, pirate_translate(&b));
[INFO] [stdout]   |                           ^^^^^^^^^^^^^^^^ not found in this scope
[INFO] [stdout] 
[INFO] [stdout] 
[INFO] [stdout] error[E0425]: cannot find function `pirate_translate` in this scope
[INFO] [stdout]  --> src/bin.rs:4:10
[INFO] [stdout]   |
[INFO] [stdout] 4 |     let b = pirate_translate(&"Gold".to_string());
[INFO] [stdout]   |             ^^^^^^^^^^^^^^^^ not found in this scope
[INFO] [stdout] 
[INFO] [stdout] 
[INFO] [stdout] error: aborting due to 3 previous errors
[INFO] [stdout] 
[INFO] [stdout] 
[INFO] [stdout] Some errors have detailed explanations: E0425, E0432.
[INFO] [stdout] 
[INFO] [stdout] For more information about an error, try `rustc --explain E0425`.
[INFO] [stdout] 
[INFO] [stdout] error[E0425]: cannot find function `pirate_translate` in this scope
[INFO] [stdout]  --> src/bin.rs:5:24
[INFO] [stdout]   |
[INFO] [stdout] 5 |     println!("{} {}", &b, pirate_translate(&b));
[INFO] [stdout]   |                           ^^^^^^^^^^^^^^^^ not found in this scope
[INFO] [stdout] 
[INFO] [stdout] 
[INFO] [stdout] error: aborting due to 3 previous errors
[INFO] [stdout] 
[INFO] [stdout] 
[INFO] [stdout] Some errors have detailed explanations: E0425, E0432.
[INFO] [stdout] 
[INFO] [stdout] For more information about an error, try `rustc --explain E0425`.
[INFO] [stdout] 
[INFO] [stderr] error: could not compile `pirate_code` (bin "main") due to 4 previous errors
[INFO] [stderr] warning: build failed, waiting for other jobs to finish...
[INFO] [stderr] error: could not compile `pirate_code` (bin "main" test) due to 4 previous errors
[INFO] running `Command { std: "docker" "inspect" "3026e66042e8140f92bbaf50d4b9c9ede91fc4f736cdfaa0430eb431c5b2b7e3", kill_on_drop: false }`
[INFO] running `Command { std: "docker" "rm" "-f" "3026e66042e8140f92bbaf50d4b9c9ede91fc4f736cdfaa0430eb431c5b2b7e3", kill_on_drop: false }`
[INFO] [stdout] 3026e66042e8140f92bbaf50d4b9c9ede91fc4f736cdfaa0430eb431c5b2b7e3
